{"id":71,"date":"2021-04-12T14:35:57","date_gmt":"2021-04-12T12:35:57","guid":{"rendered":"http:\/\/geiq-gard.fr\/?page_id=71"},"modified":"2021-06-08T20:41:28","modified_gmt":"2021-06-08T18:41:28","slug":"actualites","status":"publish","type":"page","link":"https:\/\/geiq-gard.fr\/index.php\/actualites\/","title":{"rendered":"Actualit\u00e9s"},"content":{"rendered":"\t\t<div data-elementor-type=\"wp-page\" data-elementor-id=\"71\" class=\"elementor elementor-71\" data-elementor-settings=\"[]\">\n\t\t\t\t\t\t\t<div class=\"elementor-section-wrap\">\n\t\t\t\t\t\t\t<section class=\"elementor-section elementor-top-section elementor-element elementor-element-fef4436 elementor-section-boxed elementor-section-height-default elementor-section-height-default\" data-id=\"fef4436\" data-element_type=\"section\">\n\t\t\t\t\t\t<div class=\"elementor-container elementor-column-gap-default\">\n\t\t\t\t\t<div class=\"elementor-column elementor-col-100 elementor-top-column elementor-element elementor-element-d373a62\" data-id=\"d373a62\" data-element_type=\"column\">\n\t\t\t<div class=\"elementor-widget-wrap elementor-element-populated\">\n\t\t\t\t\t\t\t\t<div class=\"elementor-element elementor-element-0319782 elementor-widget elementor-widget-spacer\" data-id=\"0319782\" data-element_type=\"widget\" data-widget_type=\"spacer.default\">\n\t\t\t\t<div class=\"elementor-widget-container\">\n\t\t\t\t\t<div class=\"elementor-spacer\">\n\t\t\t<div class=\"elementor-spacer-inner\"><\/div>\n\t\t<\/div>\n\t\t\t\t<\/div>\n\t\t\t\t<\/div>\n\t\t\t\t<div class=\"elementor-element elementor-element-c21ecfd elementor-widget elementor-widget-heading\" data-id=\"c21ecfd\" data-element_type=\"widget\" data-widget_type=\"heading.default\">\n\t\t\t\t<div class=\"elementor-widget-container\">\n\t\t\t<h2 class=\"elementor-heading-title elementor-size-default\">Actualit\u00e9s<\/h2>\t\t<\/div>\n\t\t\t\t<\/div>\n\t\t\t\t<div class=\"elementor-element elementor-element-5a8bece elementor-widget elementor-widget-spacer\" data-id=\"5a8bece\" data-element_type=\"widget\" data-widget_type=\"spacer.default\">\n\t\t\t\t<div class=\"elementor-widget-container\">\n\t\t\t\t\t<div class=\"elementor-spacer\">\n\t\t\t<div class=\"elementor-spacer-inner\"><\/div>\n\t\t<\/div>\n\t\t\t\t<\/div>\n\t\t\t\t<\/div>\n\t\t\t\t\t<\/div>\n\t\t<\/div>\n\t\t\t\t\t\t\t<\/div>\n\t\t<\/section>\n\t\t\t\t<section class=\"elementor-section elementor-top-section elementor-element elementor-element-d65a90b elementor-section-boxed elementor-section-height-default elementor-section-height-default\" data-id=\"d65a90b\" data-element_type=\"section\">\n\t\t\t\t\t\t<div class=\"elementor-container elementor-column-gap-default\">\n\t\t\t\t\t<div class=\"elementor-column elementor-col-50 elementor-top-column elementor-element elementor-element-cf06d52\" data-id=\"cf06d52\" data-element_type=\"column\">\n\t\t\t<div class=\"elementor-widget-wrap elementor-element-populated\">\n\t\t\t\t\t\t\t\t<div class=\"elementor-element elementor-element-7a99e98 elementor-widget elementor-widget-heading\" data-id=\"7a99e98\" data-element_type=\"widget\" data-widget_type=\"heading.default\">\n\t\t\t\t<div class=\"elementor-widget-container\">\n\t\t\t<h2 class=\"elementor-heading-title elementor-size-default\">JOB DATING<\/h2>\t\t<\/div>\n\t\t\t\t<\/div>\n\t\t\t\t<div class=\"elementor-element elementor-element-fba8e5c elementor-widget elementor-widget-text-editor\" data-id=\"fba8e5c\" data-element_type=\"widget\" data-widget_type=\"text-editor.default\">\n\t\t\t\t<div class=\"elementor-widget-container\">\n\t\t\t\t\t\t\t\t<p><span style=\"color: #000000;\">Le 29 mars au Centre Socio-Culturel et sportif Jean Paulhan et le 30 mars au Centre Socio-Culturel et sportif Andr\u00e9 Malraux, nous \u00e9tions pr\u00e9sent lors du job dating organis\u00e9 par la ville de N\u00eemes\u00a0 afin de rencontrer de potentiels candidats et leur proposer une formation adapt\u00e9e aux personnes qui d\u00e9sirent int\u00e9grer le GEIQ.<\/span><\/p><p><span style=\"color: #000000;\">Cette rencontre s&rsquo;est faite au vu des futurs travaux d&rsquo;am\u00e9nagement et de prolongement du Trambus \u00e0 N\u00eemes.<\/span><\/p><p>\u00a0<\/p><p><span style=\"color: #000000;\">L&rsquo;\u00e9quipe du GEIQ\u00a0<\/span><\/p><p><span style=\"color: #000000;\">22\/04\/2021<\/span><\/p>\t\t\t\t\t\t<\/div>\n\t\t\t\t<\/div>\n\t\t\t\t\t<\/div>\n\t\t<\/div>\n\t\t\t\t<div class=\"elementor-column elementor-col-50 elementor-top-column elementor-element elementor-element-e8c5e7e\" data-id=\"e8c5e7e\" data-element_type=\"column\">\n\t\t\t<div class=\"elementor-widget-wrap elementor-element-populated\">\n\t\t\t\t\t\t\t\t<div class=\"elementor-element elementor-element-1d0ac41 elementor-widget elementor-widget-image\" data-id=\"1d0ac41\" data-element_type=\"widget\" data-widget_type=\"image.default\">\n\t\t\t\t<div class=\"elementor-widget-container\">\n\t\t\t\t\t\t\t\t\t\t\t\t\t\t\t<img width=\"480\" height=\"640\" src=\"https:\/\/geiq-gard.fr\/wp-content\/uploads\/2021\/04\/IMG_0656-rotated.jpg\" class=\"attachment-medium_large size-medium_large\" alt=\"photo geiq job dating\" loading=\"lazy\" srcset=\"https:\/\/geiq-gard.fr\/wp-content\/uploads\/2021\/04\/IMG_0656-rotated.jpg 480w, https:\/\/geiq-gard.fr\/wp-content\/uploads\/2021\/04\/IMG_0656-225x300.jpg 225w\" sizes=\"(max-width: 480px) 100vw, 480px\" \/>\t\t\t\t\t\t\t\t\t\t\t\t\t\t\t<\/div>\n\t\t\t\t<\/div>\n\t\t\t\t\t<\/div>\n\t\t<\/div>\n\t\t\t\t\t\t\t<\/div>\n\t\t<\/section>\n\t\t\t\t\t\t<\/div>\n\t\t\t\t\t<\/div>\n\t\t","protected":false},"excerpt":{"rendered":"<p>Actualit\u00e9s JOB DATING Le 29 mars au Centre Socio-Culturel et sportif Jean Paulhan et le 30 mars au Centre Socio-Culturel et sportif Andr\u00e9 Malraux, nous \u00e9tions pr\u00e9sent lors du job dating organis\u00e9 par la ville de N\u00eemes&nbsp; afin de rencontrer de potentiels candidats et leur proposer une formation adapt\u00e9e aux personnes qui d\u00e9sirent int\u00e9grer le [&hellip;]<\/p>\n","protected":false},"author":1,"featured_media":0,"parent":0,"menu_order":0,"comment_status":"closed","ping_status":"closed","template":"","meta":[],"yoast_head":"<!-- This site is optimized with the Yoast SEO plugin v16.4 - https:\/\/yoast.com\/wordpress\/plugins\/seo\/ -->\n<title>Actualit\u00e9s<\/title>\n<meta name=\"description\" content=\"Actualit\u00e9s JOB DATING Le 29 mars au Centre Socio-Culturel et sportif Jean Paulhan et le 30 mars au Centre Socio-Culturel et sportif Andr\u00e9 Malraux, nous\" \/>\n<meta name=\"robots\" content=\"index, follow, max-snippet:-1, max-image-preview:large, max-video-preview:-1\" \/>\n<link rel=\"canonical\" href=\"https:\/\/geiq-gard.fr\/index.php\/actualites\/\" \/>\n<meta property=\"og:locale\" content=\"fr_FR\" \/>\n<meta property=\"og:type\" content=\"article\" \/>\n<meta property=\"og:title\" content=\"Actualit\u00e9s\" \/>\n<meta property=\"og:description\" content=\"Actualit\u00e9s JOB DATING Le 29 mars au Centre Socio-Culturel et sportif Jean Paulhan et le 30 mars au Centre Socio-Culturel et sportif Andr\u00e9 Malraux, nous\" \/>\n<meta property=\"og:url\" content=\"https:\/\/geiq-gard.fr\/index.php\/actualites\/\" \/>\n<meta property=\"og:site_name\" content=\"WordPress\" \/>\n<meta property=\"article:modified_time\" content=\"2021-06-08T18:41:28+00:00\" \/>\n<meta property=\"og:image\" content=\"https:\/\/geiq-gard.fr\/wp-content\/uploads\/2021\/04\/IMG_0656-rotated.jpg\" \/>\n<meta name=\"twitter:card\" content=\"summary_large_image\" \/>\n<meta name=\"twitter:label1\" content=\"Dur\u00e9e de lecture est.\" \/>\n\t<meta name=\"twitter:data1\" content=\"1 minute\" \/>\n<script type=\"application\/ld+json\" class=\"yoast-schema-graph\">{\"@context\":\"https:\/\/schema.org\",\"@graph\":[{\"@type\":\"WebSite\",\"@id\":\"https:\/\/geiq-gard.fr\/#website\",\"url\":\"https:\/\/geiq-gard.fr\/\",\"name\":\"WordPress\",\"description\":\"Un site utilisant WordPress\",\"potentialAction\":[{\"@type\":\"SearchAction\",\"target\":\"https:\/\/geiq-gard.fr\/?s={search_term_string}\",\"query-input\":\"required name=search_term_string\"}],\"inLanguage\":\"fr-FR\"},{\"@type\":\"ImageObject\",\"@id\":\"https:\/\/geiq-gard.fr\/index.php\/actualites\/#primaryimage\",\"inLanguage\":\"fr-FR\",\"url\":\"https:\/\/geiq-gard.fr\/wp-content\/uploads\/2021\/04\/IMG_0656-rotated.jpg\",\"contentUrl\":\"https:\/\/geiq-gard.fr\/wp-content\/uploads\/2021\/04\/IMG_0656-rotated.jpg\",\"width\":480,\"height\":640,\"caption\":\"photo geiq job dating\"},{\"@type\":\"WebPage\",\"@id\":\"https:\/\/geiq-gard.fr\/index.php\/actualites\/#webpage\",\"url\":\"https:\/\/geiq-gard.fr\/index.php\/actualites\/\",\"name\":\"Actualit\\u00e9s\",\"isPartOf\":{\"@id\":\"https:\/\/geiq-gard.fr\/#website\"},\"primaryImageOfPage\":{\"@id\":\"https:\/\/geiq-gard.fr\/index.php\/actualites\/#primaryimage\"},\"datePublished\":\"2021-04-12T12:35:57+00:00\",\"dateModified\":\"2021-06-08T18:41:28+00:00\",\"description\":\"Actualit\\u00e9s JOB DATING Le 29 mars au Centre Socio-Culturel et sportif Jean Paulhan et le 30 mars au Centre Socio-Culturel et sportif Andr\\u00e9 Malraux, nous\",\"breadcrumb\":{\"@id\":\"https:\/\/geiq-gard.fr\/index.php\/actualites\/#breadcrumb\"},\"inLanguage\":\"fr-FR\",\"potentialAction\":[{\"@type\":\"ReadAction\",\"target\":[\"https:\/\/geiq-gard.fr\/index.php\/actualites\/\"]}]},{\"@type\":\"BreadcrumbList\",\"@id\":\"https:\/\/geiq-gard.fr\/index.php\/actualites\/#breadcrumb\",\"itemListElement\":[{\"@type\":\"ListItem\",\"position\":1,\"item\":{\"@type\":\"WebPage\",\"@id\":\"https:\/\/geiq-gard.fr\/\",\"url\":\"https:\/\/geiq-gard.fr\/\",\"name\":\"Accueil\"}},{\"@type\":\"ListItem\",\"position\":2,\"item\":{\"@id\":\"https:\/\/geiq-gard.fr\/index.php\/actualites\/#webpage\"}}]}]}<\/script>\n<!-- \/ Yoast SEO plugin. -->","_links":{"self":[{"href":"https:\/\/geiq-gard.fr\/index.php\/wp-json\/wp\/v2\/pages\/71"}],"collection":[{"href":"https:\/\/geiq-gard.fr\/index.php\/wp-json\/wp\/v2\/pages"}],"about":[{"href":"https:\/\/geiq-gard.fr\/index.php\/wp-json\/wp\/v2\/types\/page"}],"author":[{"embeddable":true,"href":"https:\/\/geiq-gard.fr\/index.php\/wp-json\/wp\/v2\/users\/1"}],"replies":[{"embeddable":true,"href":"https:\/\/geiq-gard.fr\/index.php\/wp-json\/wp\/v2\/comments?post=71"}],"version-history":[{"count":17,"href":"https:\/\/geiq-gard.fr\/index.php\/wp-json\/wp\/v2\/pages\/71\/revisions"}],"predecessor-version":[{"id":1036,"href":"https:\/\/geiq-gard.fr\/index.php\/wp-json\/wp\/v2\/pages\/71\/revisions\/1036"}],"wp:attachment":[{"href":"https:\/\/geiq-gard.fr\/index.php\/wp-json\/wp\/v2\/media?parent=71"}],"curies":[{"name":"wp","href":"https:\/\/api.w.org\/{rel}","templated":true}]}}

Actualités

<div data-elementor-type="wp-page" data-elementor-id="71" class="elementor elementor-71" data-elementor-settings="[]">
							<div class="elementor-section-wrap">
							<section class="elementor-section elementor-top-section elementor-element elementor-element-fef4436 elementor-section-boxed elementor-section-height-default elementor-section-height-default" data-id="fef4436" data-element_type="section">
						<div class="elementor-container elementor-column-gap-default">
					<div class="elementor-column elementor-col-100 elementor-top-column elementor-element elementor-element-d373a62" data-id="d373a62" data-element_type="column">
			<div class="elementor-widget-wrap elementor-element-populated">
								<div class="elementor-element elementor-element-0319782 elementor-widget elementor-widget-spacer" data-id="0319782" data-element_type="widget" data-widget_type="spacer.default">
				<div class="elementor-widget-container">
					<div class="elementor-spacer">
			<div class="elementor-spacer-inner"></div>
		</div>
				</div>
				</div>
				<div class="elementor-element elementor-element-c21ecfd elementor-widget elementor-widget-heading" data-id="c21ecfd" data-element_type="widget" data-widget_type="heading.default">
				<div class="elementor-widget-container">
			<h2 class="elementor-heading-title elementor-size-default">Actualités</h2>		</div>
				</div>
				<div class="elementor-element elementor-element-5a8bece elementor-widget elementor-widget-spacer" data-id="5a8bece" data-element_type="widget" data-widget_type="spacer.default">
				<div class="elementor-widget-container">
					<div class="elementor-spacer">
			<div class="elementor-spacer-inner"></div>
		</div>
				</div>
				</div>
					</div>
		</div>
							</div>
		</section>
				<section class="elementor-section elementor-top-section elementor-element elementor-element-d65a90b elementor-section-boxed elementor-section-height-default elementor-section-height-default" data-id="d65a90b" data-element_type="section">
						<div class="elementor-container elementor-column-gap-default">
					<div class="elementor-column elementor-col-50 elementor-top-column elementor-element elementor-element-cf06d52" data-id="cf06d52" data-element_type="column">
			<div class="elementor-widget-wrap elementor-element-populated">
								<div class="elementor-element elementor-element-7a99e98 elementor-widget elementor-widget-heading" data-id="7a99e98" data-element_type="widget" data-widget_type="heading.default">
				<div class="elementor-widget-container">
			<h2 class="elementor-heading-title elementor-size-default">JOB DATING</h2>		</div>
				</div>
				<div class="elementor-element elementor-element-fba8e5c elementor-widget elementor-widget-text-editor" data-id="fba8e5c" data-element_type="widget" data-widget_type="text-editor.default">
				<div class="elementor-widget-container">
								<p><span style="color: #000000;">Le 29 mars au Centre Socio-Culturel et sportif Jean Paulhan et le 30 mars au Centre Socio-Culturel et sportif André Malraux, nous étions présent lors du job dating organisé par la ville de Nîmes  afin de rencontrer de potentiels candidats et leur proposer une formation adaptée aux personnes qui désirent intégrer le GEIQ.</span></p><p><span style="color: #000000;">Cette rencontre s&rsquo;est faite au vu des futurs travaux d&rsquo;aménagement et de prolongement du Trambus à Nîmes.</span></p><p> </p><p><span style="color: #000000;">L&rsquo;équipe du GEIQ </span></p><p><span style="color: #000000;">22/04/2021</span></p>						</div>
				</div>
					</div>
		</div>
				<div class="elementor-column elementor-col-50 elementor-top-column elementor-element elementor-element-e8c5e7e" data-id="e8c5e7e" data-element_type="column">
			<div class="elementor-widget-wrap elementor-element-populated">
								<div class="elementor-element elementor-element-1d0ac41 elementor-widget elementor-widget-image" data-id="1d0ac41" data-element_type="widget" data-widget_type="image.default">
				<div class="elementor-widget-container">
															<img width="480" height="640" src="https://geiq-gard.fr/wp-content/uploads/2021/04/IMG_0656-rotated.jpg" class="attachment-medium_large size-medium_large" alt="photo geiq job dating" loading="lazy" srcset="https://geiq-gard.fr/wp-content/uploads/2021/04/IMG_0656-rotated.jpg 480w, https://geiq-gard.fr/wp-content/uploads/2021/04/IMG_0656-225x300.jpg 225w" sizes="(max-width: 480px) 100vw, 480px" />															</div>
				</div>
					</div>
		</div>
							</div>
		</section>
						</div>
					</div>

<p>Actualités JOB DATING Le 29 mars au Centre Socio-Culturel et sportif Jean Paulhan et le 30 mars au Centre Socio-Culturel et sportif André Malraux, nous étions présent lors du job dating organisé par la ville de Nîmes&nbsp; afin de rencontrer de potentiels candidats et leur proposer une formation adaptée aux personnes qui désirent intégrer le [&hellip;]</p>

<!-- This site is optimized with the Yoast SEO plugin v16.4 - https://yoast.com/wordpress/plugins/seo/ -->
<title>Actualités</title>
<meta name="description" content="Actualités JOB DATING Le 29 mars au Centre Socio-Culturel et sportif Jean Paulhan et le 30 mars au Centre Socio-Culturel et sportif André Malraux, nous" />
<meta name="robots" content="index, follow, max-snippet:-1, max-image-preview:large, max-video-preview:-1" />
<link rel="canonical" href="https://geiq-gard.fr/index.php/actualites/" />
<meta property="og:locale" content="fr_FR" />
<meta property="og:type" content="article" />
<meta property="og:title" content="Actualités" />
<meta property="og:description" content="Actualités JOB DATING Le 29 mars au Centre Socio-Culturel et sportif Jean Paulhan et le 30 mars au Centre Socio-Culturel et sportif André Malraux, nous" />
<meta property="og:url" content="https://geiq-gard.fr/index.php/actualites/" />
<meta property="og:site_name" content="WordPress" />
<meta property="article:modified_time" content="2021-06-08T18:41:28+00:00" />
<meta property="og:image" content="https://geiq-gard.fr/wp-content/uploads/2021/04/IMG_0656-rotated.jpg" />
<meta name="twitter:card" content="summary_large_image" />
<meta name="twitter:label1" content="Durée de lecture est." />
	<meta name="twitter:data1" content="1 minute" />
<script type="application/ld+json" class="yoast-schema-graph">{"@context":"https://schema.org","@graph":[{"@type":"WebSite","@id":"https://geiq-gard.fr/#website","url":"https://geiq-gard.fr/","name":"WordPress","description":"Un site utilisant WordPress","potentialAction":[{"@type":"SearchAction","target":"https://geiq-gard.fr/?s={search_term_string}","query-input":"required name=search_term_string"}],"inLanguage":"fr-FR"},{"@type":"ImageObject","@id":"https://geiq-gard.fr/index.php/actualites/#primaryimage","inLanguage":"fr-FR","url":"https://geiq-gard.fr/wp-content/uploads/2021/04/IMG_0656-rotated.jpg","contentUrl":"https://geiq-gard.fr/wp-content/uploads/2021/04/IMG_0656-rotated.jpg","width":480,"height":640,"caption":"photo geiq job dating"},{"@type":"WebPage","@id":"https://geiq-gard.fr/index.php/actualites/#webpage","url":"https://geiq-gard.fr/index.php/actualites/","name":"Actualit\u00e9s","isPartOf":{"@id":"https://geiq-gard.fr/#website"},"primaryImageOfPage":{"@id":"https://geiq-gard.fr/index.php/actualites/#primaryimage"},"datePublished":"2021-04-12T12:35:57+00:00","dateModified":"2021-06-08T18:41:28+00:00","description":"Actualit\u00e9s JOB DATING Le 29 mars au Centre Socio-Culturel et sportif Jean Paulhan et le 30 mars au Centre Socio-Culturel et sportif Andr\u00e9 Malraux, nous","breadcrumb":{"@id":"https://geiq-gard.fr/index.php/actualites/#breadcrumb"},"inLanguage":"fr-FR","potentialAction":[{"@type":"ReadAction","target":["https://geiq-gard.fr/index.php/actualites/"]}]},{"@type":"BreadcrumbList","@id":"https://geiq-gard.fr/index.php/actualites/#breadcrumb","itemListElement":[{"@type":"ListItem","position":1,"item":{"@type":"WebPage","@id":"https://geiq-gard.fr/","url":"https://geiq-gard.fr/","name":"Accueil"}},{"@type":"ListItem","position":2,"item":{"@id":"https://geiq-gard.fr/index.php/actualites/#webpage"}}]}]}</script>
<!-- / Yoast SEO plugin. -->
